 - 2*y - 1. Let t(q) = 2*q**2 + 11*q + 3. Let c(n) = t(n) + 2*v(n). Determine c(-2).
11
Suppose -3*l - k - 3 = -0*l, -63 = 5*l - 8*k. Let x(c) = c**2 - c + 2. Give x(l).
14
Let n(b) = 6*b**3 + 46*b**2 - 14*b - 40. Let g(j) = j**3 + 9*j**2 - 3*j - 8. Let a(v) = 11*g(v) - 2*n(v). Let y = -10383 - -10389. Calculate a(y).
-2
Let h(x) be the third derivative of x**8/20160 + x**7/5040 - x**6/360 - 17*x**5/20 + 84*x**2. Let r(f) be the third derivative of h(f). Give r(-4).
10
Let q = -2469 - -2452. Let d(y) = -y**2 - 7*y + 176. What is d(q)?
6
Let h be 18/((-18)/13) + (-1 - -11). Let m(z) = -z**3 - 8*z**2 - 15*z - 3. What is m(h)?
-3
Let h(t) = 7*t**2 + 12 - 6*t**2 - 22*t + 28 + 4. Determine h(19).
-13
Let w be (11/(-44))/((-2)/16). Let o(b) = -b**2 + 2*b**2 + 78 - 3*b**2 + b**w - 54. Calculate o(0).
24
Let l(n) be the third derivative of -2*n**6/15 + 596*n**2. What is l(1)?
-16
Let v(b) = b**2 - 10*b + 6. Let i = 4 - -1. Let d be 86/3 - 18/27. Suppose 9*r = i*r + d. Give v(r).
-15
Suppose -13*b + 8 = -9*b. Let n(d) = 24*d + b*d**3 + 2*d**3 + 2*d**2 + 11*d**3 - 25*d. Determine n(1).
16
Let u(l) = l**3 - 3*l - 2. Let h(c) = 2*c**3 - 7*c - 4. Let r(s) = 2*h(s) - 5*u(s). Let w = -816 + 767. Let j = -49 - w. Give r(j).
2
Let v(l) = 19*l - 4. Let m(t) = -6*t + 3. Let i = -34 - -42. Let q(p) = i*m(p) + 3*v(p). Calculate q(-2).
-6
Let l(v) be the third derivative of -v**5/20 - 11*v**4/12 - v**3 - 24*v**2 + 4. What is l(-7)?
1
Let c(s) = -9*s + 7. Let k be c(1). Let f(z) = -9*z - 21. Let v be f(k). Let o(y) = -5*y**2 - 2*y + 3. Calculate o(v).
-36
Let o(b) = -2*b**2 - 2*b + 10*b**2 + b. Let k(q) = -q**3 - 42*q**2 - 79*q + 39. Let a be k(-40). Give o(a).
9
Let q be 130/15 - ((-225)/27 + 10). Let a(c) = -c**3 + 7*c**2 + 2*c - 16. Calculate a(q).
-2
Let g(j) = -j - 1. Let u(o) = 4*o - 4. Let m be u(-4). Let q(b) = 2*b + 28. Let l be q(m). Let w = 9 + l. Calculate g(w).
2
Let s be 45*(-4 - 84/(-18)). Suppose 51*y = 48*y + s. Let v(a) = -a**3 + 10*a**2 + a - 13. Calculate v(y).
-3
Suppose 54*t - 10 = 44*t. Suppose 4*x - 3 = -5*c, -t = 5*x + 5*c - 6. Let y(k) = -3*k**2 + 0 + 8*k**x + 0 - k - 1. Calculate y(-1).
5
Let n(w) = -11*w**3 - 2*w**2 + 8*w - 10. Suppose 2*p - 2*z = 20, -z + 4 + 1 = 2*p. Let c(t) = 9*t**3 + 3*t**2 - 8*t + 8. Let s(a) = p*n(a) + 6*c(a). Give s(7).
-9
Let h(o) = -o**3 + 4*o**2 - 3*o + 12. Let r(b) = 2*b**3 - 9*b**2 + 5*b - 28. Let c(t) = 5*h(t) + 2*r(t). Give c(4).
-48
Suppose 2*v = -6*v + 4*v. Let m = 14 - 12. Let w(h) = v + 0*h**2 - 4 - 3*h + 0*h**2 + h**m. Give w(4).
0
Suppose 2*v + 0*v - 44 = 0. Let a be v/(-55)*(-1 + 6). Let s(n) = -n**2 - 4694 + 2*n + 4692 - n**2 - 2*n. What is s(a)?
-10
Let o(l) be the first derivative of -3*l**2/2 + 8*l + 50. Let v be (2 - 82/4)*-2. Let w = 43 - v. Determine o(w).
-10
Let u(g) = -g**3 - 3*g**2 + 5*g + 3. Let j = -193 - -208. Suppose -24*o + j*o - 45 = 0. Give u(o).
28
Let y = -58 + 59. Suppose 8*s = 9*s - y. Let z be (-10)/(-1)*(0 + 2 - s). Let l(q) = -q**2 + 9*q + 9. Calculate l(z).
-1
Let o be (-416)/(-144) - (-1)/9. Let w(t) = o*t**2 - 2*t**2 + 141 - 136 + 5*t - 2*t**2. Give w(9).
-31
Let l be (-10)/(-6 - -1) + -117. Let d = l - -123. Let z(v) = -d + 29 - 3 + 3 + v. Determine z(0).
21
Let s(d) = 10*d**2 + 10*d - 23. Let p(n) = -4*n**2 - 8*n + 11. Let x(g) = 7*p(g) + 3*s(g). Calculate x(13).
8
Let i(s) = 2*s + 2. Let m(o) = o - 17. Let r(z) = -4*z + 68. Let t(d) = 26*m(d) + 6*r(d). Let w be t(17). Let k be w + 0 + 0 + -3 + 0. Calculate i(k).
-4
Suppose 0 = -4*d + 5*v + 168, 5*v - 8*v = 0. Let r(c) = -2 + d*c - 87*c + 46*c. Determine r(2).
0
Let v(y) = -32*y**2 + y - 1. Let q = 3693 - 3692. Calculate v(q).
-32
Let x(f) = 2*f**2 + f + 7. Let g(z) = -z**2 - 3*z + 5. Let a(u) = -u**2 - u - 1. Let l(m) = -2*a(m) + g(m). Let j(b) = -3*l(b) + 2*x(b). Calculate j(-6).
-1
Let j(c) = -3*c**2 + 2*c + 24. Suppose -34*f = 13*f - 7 - 134. Give j(f).
3
Let r(z) = -z. Let i = 3783 - 3784. Let n(m) = m**2 + 5*m. Let t be n(-4). Let j(u) = 1. Let c(v) = i*r(v) + t*j(v). Give c(-3).
-7
Let r(y) be the first derivative of -y**2 - 4*y - 7. Let q(f) = -68*f + 346. Let s be q(5). What is r(s)?
-16
Let c(w) = 4*w**2 + 12. Let p(r) = -2*r**2 - 66*r + 73. Let z be p(-34). Let q(h) = -5*h**2 - 2*h - 13. Let s(g) = z*q(g) + 6*c(g). Determine s(-10).
7
Let k(j) be the first derivative of -94 - 4/3*j**3 - 1/4*j**4 - 6*j + 2*j**2. Give k(-5).
-1
Let w(z) be the first derivative of -z**3/3 - 5*z**2/2 + 6*z + 2. Suppose -77 = 7*c - 287. Let o = -35 + c. Calculate w(o).
6
Suppose 3*v = -4*x + 14, 2*v + x + 5 = 6. Let h be ((-1)/v)/((-13)/(-754)). Suppose -26*j = -h*j + 15. Let w(k) = -k**3 + 4*k**2 + 4*k + 1. Give w(j).
-4
Let a(b) = -b**2 + 117*b + 120. Let u be a(118). Let i(d) be the first derivative of 2/3*d**3 - d - 2*d**u - 13. What is i(3)?
5
Let f(k) = k**2 - 30*k - 40. Let s(p) = p**2 - p - 18. Let u(r) = -f(r) + 2*s(r). Determine u(-25).
-71
Let x(r) = r**2 + 2*r - 10. Let w(s) = -s**3 + 10*s**2 - 17*s + 11. Let q be w(8). What is x(q)?
5
Let a(v) = 3*v + 9. Let f(u) = 7*u + 17. Let n(g) = 5*g + 15. Let b be n(-2). Let x(t) = b*a(t) - 3*f(t). Let q = -68 - -64. What is x(q)?
18
Let g(r) = -11*r + 84. Let b be g(7). Let p(t) = -t + 1. Let q(z) = -3*z - 2. Let k(x) = 4*p(x) - q(x). What is k(b)?
-1
Let m(h) be the first derivative of 4*h**2 - 24*h - 619. Calculate m(4).
8
Suppose 5*t = -21*t - 156. Let r(i) = -3*i**3 + 6*i**2 + 3*i - 2. Let h(a) = -3*a**3 + 5*a**2 + 3*a - 2. Let o(n) = t*r(n) + 7*h(n). What is o(1)?
-3
Let h(v) be the first derivative of -v**4/4 - 7*v**3/3 - 3*v**2 + 6*v + 1825. What is h(-5)?
-14
Let r(p) = p**3 + 36*p**2 + p + 25. Suppose -178 = 5*a - b, 23*a - 5*b + 134 = 19*a. What is r(a)?
-11
Let n(p) = -2 - 2*p - 3*p + 7*p. Let r be (-185)/25*1 + 297/(-495). Give n(r).
-18
Let f(u) be the third derivative of 3*u**4/8 - 31*u**3/6 + 7830*u**2. Give f(2).
-13
Let a(v) = -7*v**2 - v. Let d(c) = -41*c**2 - 20*c + 40. Let g(o) = 6*a(o) - d(o). Calculate g(9).
5
Let k(s) = -s**2 + 20. Suppose 15*y - 1185 + 1260 = 0. Give k(y).
-5
Let h = 66 - 50. Suppose -h*v = -24*v - 32. Let u(j) = -j + 4. Give u(v).
8
Let a(t) = -t**3 + t**2 - t - 3. Let k(o) = -2*o**2 + 7*o - 5. Let x be k(7). Let s be 0*-3*(-9)/x. What is a(s)?
-3
Let i(o) = o - 4. Let y(u) = -7*u**2 + 1. Let l be y(-1). Let w be 21 - (l/4*2)/(-1). Suppose w + 12 = 5*z. Determine i(z).
2
Let p = 23 + -24. Let r(o) = o**2 - o + 1. Let t(n) = 7*n**2 - 3*n + 2. Let s(z) = p*t(z) + 2*r(z). Calculate s(-1).
-6
Let p(k) = -k**3 + 7*k**2 - 27*k + 124. Let v be (0 + 6/13)*1365/105. Give p(v).
-2
Let t(h) = h - 4. Let a(d) = d**3 + 8*d**2 - 3*d - 18. Suppose -107 = 18*p + 37. Let o be a(p). What is t(o)?
2
Let o(p) = 2*p**2 - p - 2. Let v(m) = -83*m - 90*m + 178*m - 2*m**2 + 7 - m**2. Let i(x) = -2*o(x) - v(x). What is i(-3)?
-3
Let y(z) be the third derivative of -z**6/120 - z**5/3 - 17*z**4/24 + 7*z**3/6 - 469*z**2. Calculate y(-19).
-31
Let u(s) = s**2 - 47*s + 95. Let v(o) = 46*o**2 + 39*o + 38. Let k be v(-1). Calculate u(k).
5
Let k be ((-1701)/243)/(14/4). Let d(t) = t**2 - t**2 + 2*t**2 + 3*t + 1 - t**3. Calculate d(k).
11
Let n(x) = x**3 + 12*x**2 + 9*x - 23. Let t(u) = -2*u**2 - 22*u - 11. Let w = -366 + 355. Let d be t(w). Give n(d).
-1
Suppose 29*s = -0*s + 1044. Suppose s = 2*t + b + 15, b - 30 = -3*t. Let w(i) = -i + 13. What is w(t)?
4
Let b(f) = 17*f - 4. Let q(t) = -4*t + 1. Let a(y) = 25*y - 1. Let k be a(-1). Let r(v) = k*q(v) - 6*b(v). Suppose -19*x = -726 + 612. What is r(x)?
10
Suppose 43 = -5*k + 53. Let o(s) = -k*s + 919 + 915 - 1824. Give o(7).
-4
Let s be (-6)/(-9) + (-2432)/(-6) + 3. Let x = -406 + s. Let f(w) = -3*w**2 + 6*w + 4. Calculate f(x).
-5
Let j(k) = -4*k + 1 - 5*k**2 + 1 + 4*k**2 - 4*k. Let l(n) = 2. Let x(b) = -j(b) - l(b). What is x(-8)?
-4
Let f(n) = 163*n - 1 + 2 + 7 - 164*n + 0. Give f(15).
-7
Let n(a) = 7*a + 58. Suppose -30*k + 57 - 197 = -10*k. What is n(k)?
9
Let j(r) = -7*r + 304 - r**2 - 150 - 172 - 2*r - 4*r. Determine j(-4).
18
Let z(t) = 5*t + 15. Let i(l) = 3*l + 8. Let a(j) = 7*i(j) - 4*z(j). Let f be (13 + -4)*((3 - 1) + -1). Suppose -4*y = k - 17, y + 3*k + 2 = f. Determine a(y).
0
Let b(f) be the second derivative of f**4/12 + 3*f**3/2 + 7*f**2/2 - 2164*f. Calculate b(-6).
-11
Let w(y) = 9*y - 57. Let